ivided by 50.
47
Calculate the remainder when 309 is divided by 27.
12
What is the remainder when 79 is divided by 7?
2
Calculate the remainder when 216 is divided by 41.
11
What is the remainder when 489 is divided by 33?
27
What is the remainder when 670 is divided by 96?
94
Calculate the remainder when 314 is divided by 23.
15
What is the remainder when 605 is divided by 31?
16
What is the remainder when 131 is divided by 67?
64
What is the remainder when 1061 is divided by 71?
67
What is the remainder when 5030 is divided by 74?
72
Calculate the remainder when 332 is divided by 6.
2
What is the remainder when 264 is divided by 19?
17
Calculate the remainder when 12209 is divided by 110.
109
Calculate the remainder when 30 is divided by 21.
9
What is the remainder when 14 is divided by 2?
0
Calculate the remainder when 468 is divided by 157.
154
Calculate the remainder when 277 is divided by 47.
42
What is the remainder when 37 is divided by 27?
10
Calculate the remainder when 70 is divided by 53.
17
Calculate the remainder when 60 is divided by 17.
9
Calculate the remainder when 1066 is divided by 72.
58
Calculate the remainder when 191 is divided by 22.
15
What is the remainder when 554 is divided by 15?
14
Calculate the remainder when 357 is divided by 163.
31
What is the remainder when 2859 is divided by 130?
129
Calculate the remainder when 270 is divided by 46.
40
What is the remainder when 394 is divided by 50?
44
What is the remainder when 5210 is divided by 2602?
6
Calculate the remainder when 201 is divided by 64.
9
What is the remainder when 693 is divided by 24?
21
Calculate the remainder when 121 is divided by 34.
19
Calculate the remainder when 168 is divided by 43.
39
What is the remainder when 297 is divided by 25?
22
What is the remainder when 1677 is divided by 105?
102
Calculate the remainder when 950 is divided by 427.
96
Calculate the remainder when 3548 is divided by 114.
14
What is the remainder when 8572 is divided by 2854?
10
What is the remainder when 170 is divided by 55?
5
Calculate the remainder when 136 is divided by 23.
21
What is the remainder when 800 is divided by 21?
2
What is the remainder when 3821 is divided by 13?
12
What is the remainder when 107 is divided by 37?
33
What is the remainder when 161 is divided by 12?
5
What is the remainder when 310 is divided by 62?
0
What is the remainder when 170 is divided by 21?
2
What is the remainder when 322 is divided by 12?
10
What is the remainder when 257 is divided by 43?
42
Calculate the remainder when 125 is divided by 26.
21
Calculate the remainder when 8969 is divided by 69.
68
What is the remainder when 310 is divided by 29?
20
What is the remainder when 246 is divided by 6?
0
What is the remainder when 3873 is divided by 57?
54
What is the remainder when 118 is divided by 60?
58
Calculate the remainder when 299 is divided by 60.
59
Calculate the remainder when 248 is divided by 17.
10
Calculate the remainder when 803 is divided by 6.
5
What is the remainder when 179 is divided by 26?
23
Calculate the remainder when 474 is divided by 158.
0
What is the remainder when 157 is divided by 5?
2
What is the remainder when 202 is divided by 54?
40
What is the remainder when 1868 is divided by 32?
12
What is the remainder when 17 is divided by 6?
5
What is the remainder when 173 is divided by 41?
9
Calculate the remainder when 4163 is divided by 346.
11
What is the remainder when 843 is divided by 11?
7
What is the remainder when 44 is divided by 17?
10
Calculate the remainder when 375 is divided by 7.
4
Calculate the remainder when 628 is divided by 157.
0
Calculate the remainder when 494 is divided by 16.
14
Calculate the remainder when 484 is divided by 6.
4
What is the remainder when 615 is divided by 7?
6
Calculate the remainder when 112 is divided by 8.
0
What is the remainder when 279 is divided by 28?
27
What is the remainder when 222 is divided by 28?
26
What is the remainder when 229 is divided by 11?
9
Calculate the remainder when 195 is divided by 89.
17
Calculate the remainder when 1150 is divided by 36.
34
Calculate the remainder when 1989 is divided by 5.
4
What is the remainder when 449 is divided by 38?
31
What is the remainder when 348 is divided by 30?
18
What is the remainder when 50 is divided by 4?
2
Calculate the remainder when 398 is divided by 381.
17
What is the remainder when 59 is divided by 8?
3
Calculate the remainder when 1856 is divided by 116.
0
What is the remainder when 50 is divided by 45?
5
What is the remainder when 333 is divided by 89?
66
Calculate the remainder when 41 is divided by 39.
2
Calculate the remainder when 623 is divided by 87.
14
What is the remainder when 885 is divided by 184?
149
Calculate the remainder when 80 is divided by 70.
10
What is the remainder when 13464 is divided by 148?
144
What is the remainder when 316 is divided by 44?
8
What is the remainder when 60 is divided by 33?
27
What is the remainder when 1227 is divided by 176?
171
Calculate the remainder when 1056 is divided by 291.
183
Calculate the remainder when 1080 is divided by 80.
40
Calculate the remainder when 113 is divided by 29.
26
What is the remainder when 14392 is divided by 144?
136
Calculate the remainder when 4605 is divided by 7.
6
What is the remainder when 1281 is divided by 23?
16
Calculate the remainder when 668 is divided by 83.
4
Calculate the remainder when 315 is divided by 6.
3
What is the remainder when 74 is divided by 19?
17
What is the remainder when 449 is divided by 118?
95
What is the remainder when 676 is divided by 10?
6
Calculate the remainder when 65 is divided by 3.
2
What is the remainder when 473 is divided by 17?
14
Calculate the remainder when 186 is divided by 161.
25
What is the remainder when 196 is divided by 51?
43
What is the remainder when 4721 is divided by 197?
190
Calculate the remainder when 37021 is divided by 173.
172
Calculate the remainder when 4573 is divided by 11.
8
What is the remainder when 3111 is divided by 6?
3
Calculate the remainder when 1515 is divided by 305.
295
Calculate the remainder when 357 is divided by 19.
15
Calculate the remainder when 83 is divided by 21.
20
Calculate the remainder when 109 is divided by 61.
48
Calculate the remainder when 147 is divided by 37.
36
Calculate the remainder when 137 is divided by 35.
32
Calculate the remainder when 266 is divided by 54.
50
What is the remainder when 50463 is divided by 26?
23
Calculate the remainder when 151 is divided by 11.
8
Calculate the remainder when 46 is divided by 11.
2
Calculate the remainder when 680 is divided by 58.
42
What is the remainder when 106 is divided by 10?
6
What is the remainder when 586 is divided by 19?
16
Calculate the remainder when 604 is divided by 566.
38
Calculate the remainder when 79 is divided by 18.
7
Calculate the remainder when 1624 is divided by 30.
4
Calculate the remainder when 154 is divided by 49.
7
What is the remainder when 472 is divided by 90?
22
Calculate the remainder when 2144 is divided by 355.
14
What is the remainder when 119 is divided by 15?
14
What is the remainder when 10441 is divided by 177?
175
Calculate the remainder when 8258 is divided by 118.
116
What is the remainder when 1503 is divided by 4?
3
What is the remainder when 254 is divided by 29?
22
What is the remainder when 91 is divided by 19?
15
What is the remainder when 56 is divided by 22?
12
Calculate the remainder when 81 is divided by 26.
3
What is the remainder when 600 is divided by 4?
0
Calculate the remainder when 38 is divided by 37.
1
Calculate the remainder when 16896 is divided by 71.
69
What is the remainder when 183 is divided by 169?
14
What is the remainder when 1107 is divided by 65?
2
Calculate the remainder when 596 is divided by 295.
6
What is the remainder when 265 is divided by 18?
13
Calculate the remainder when 8 is divided by 6.
2
Calculate the remainder when 174 is divided by 89.
85
What is the remainder when 206 is divided by 3?
2
What is the remainder when 1352 is divided by 28?
8
Calculate the remainder when 159 is divided by 41.
36
What is the remainder when 91 is divided by 34?
23
What is the remainder when 365 is divided by 90?
5
What is the remainder when 639 is d